mmon factor of 7 and h.
7
Suppose -3*x - 6 + 3 = 0. Let m = x - -7. What is the greatest common divisor of m and 6?
6
Let j(d) = d**3 - 7*d**2 - 10*d. Let l be j(7). Let a = l + 112. What is the highest common divisor of 6 and a?
6
Suppose 8 = -3*q + 2*g, -q - 3*g - 14 = 2*g. Let t be (-2 - 1)/(q/(-64)). Let y be (t/(-4))/(-4) - -11. Calculate the greatest common divisor of 1 and y.
1
Suppose 11*a - 2*a = 81. Suppose 0*s + s - 331 = 0. Suppose 209 = 3*o + 5*k, 5*o = k - 5*k + s. What is the highest common divisor of a and o?
9
Let u be (-2)/(-8) - 3/(-4). Suppose 3 = w - u. Suppose -4*z + w*c - 3*c + 61 = 0, -2*z = -4*c - 20. What is the highest common divisor of 48 and z?
16
Suppose -o + 4*u = 7, -2*u = -4*u + 2. Let i be 5/o + 260/12. Calculate the greatest common divisor of i and 4.
4
Let b = -77 + 198. Let l = 141 - 104. Let i = l + -26. Calculate the greatest common divisor of b and i.
11
Let n = -4546 - -4547. Suppose 2 = -g + 3*g. Calculate the highest common divisor of g and n.
1
Let a be ((-80)/(-24))/(-3 + (-13867)/(-4620)). Calculate the highest common factor of a and 8.
8
Let p(j) = j + 373. Let f be p(72). What is the greatest common divisor of 5 and f?
5
Let n be ((-28)/(-6))/(2/12). Let c be n/(((-45)/(-10))/9). Calculate the highest common divisor of c and 14.
14
Let g(u) = 7*u**2 - 1. Let p(a) = 3*a - 2. Let v be p(1). Let o be g(v). What is the greatest common divisor of 18 and o?
6
Let n(r) = r**2 + r + 5. Let m be n(0). Let p(f) be the first derivative of 11*f**2/2 - 107. Let a be p(m). Calculate the highest common divisor of a and 22.
11
Let k(b) = -b**2 - 18*b + 25. Let v be k(-19). Let g be v/8 - 4319/(-28). What is the highest common factor of g and 62?
31
Suppose -z = -2*z + 2. Let s be ((-54)/(-3) + -2)*2. Suppose s = r + r. Calculate the greatest common divisor of z and r.
2
Let z be 12/42 + (0 - (-418)/7). Let h be 5/((5/(z/8))/4). Let r = -18 - -30. What is the greatest common divisor of h and r?
6
Suppose -19 - 159 = -5*l + 3*n, -3*l - n + 104 = 0. What is the greatest common divisor of 217 and l?
7
Let z be (2 - 2) + 2*(-10)/(-4). Let b be (12 + 0)*1/(-2). Let q = 8 + b. What is the greatest common factor of z and q?
1
Suppose -l + 0*l + 27 = 0. Let r(t) = t**2 + 17*t. Let f be r(-17). Let u be (111 + -4 - f) + 1. What is the highest common divisor of l and u?
27
Let i be 6 + 2*(3 + 18). Suppose 3*b + 0*b - 232 = -4*u, 372 = 5*b + 3*u. What is the highest common factor of i and b?
24
Let i(t) be the second derivative of t**3/2 + 3*t**2/2 - t. Let v be i(-1). Suppose v = 4*n - n - 153. What is the highest common divisor of 17 and n?
17
Suppose 0 = -3*t - 945 + 1071. Let w = 10 + -3. Calculate the greatest common divisor of t and w.
7
Let u be 0*(4 - (-45)/(-12)) - -39. Calculate the greatest common factor of 533 and u.
13
Suppose 15 = 3*o + 3. Suppose 3*z = o*z - 4. Let w be ((-4)/3)/(19/(-627)). What is the greatest common divisor of w and z?
4
Suppose 22*m + 665 = 29*m. Suppose 7*f - 12*f - m = -5*j, -j + 4*f = -34. Calculate the greatest common divisor of 70 and j.
14
Let x be (-15)/(3*8/(-1504)). Calculate the greatest common divisor of 20 and x.
20
Let q be (-6)/21 - 72/(-7). Suppose -19 = x + l - 25, 4*l - 22 = -3*x. Calculate the highest common factor of x and q.
2
Let g be (59 - (-20)/5)*144/8. Calculate the greatest common divisor of g and 21.
21
Let y be 95/(-38)*(-1)/5*4. Calculate the greatest common divisor of 16 and y.
2
Let b = -288 + 368. Let s(t) = -t + 13. Let i be s(9). Suppose 2*v + 65 + 73 = i*r, -3*r + 101 = -v. What is the highest common factor of r and b?
16
Suppose h - 2*b = 11, 3*b - b = -h - 5. Let q be 68/5*(-4 + (-27)/(-3)). Suppose q = h*x - 5*d, -d - 2 = d. What is the highest common factor of 63 and x?
21
Let q(y) = 5*y**3 - y**2 - 2*y. Let v be q(-2). Let p = -18 - v. Let j = p - 10. Calculate the highest common factor of j and 8.
4
Suppose t = -4*b + 4*t + 42, 5*t - 10 = 0. Let s be (1 - 5)*(-42)/7. Let i be (4*s)/(-4)*-2. Calculate the greatest common factor of i and b.
12
Suppose 47 - 175 = -8*a. Suppose 0 = -5*j, 0*j + 4*j = 3*u - 48. What is the highest common divisor of a and u?
16
Let f = 322 + -107. Let h = f - 125. Let k be (15/6)/(22/264). What is the highest common divisor of k and h?
30
Let w be -4 + ((-196)/1)/(-4). Let o be 0 + 4/(-6) - (-840)/w. Calculate the greatest common divisor of 18 and o.
18
Suppose k = -k - 6, 3*w = -k - 171. Let x = -46 - w. Calculate the highest common divisor of 20 and x.
10
Suppose -2*c + 50 = -40. Calculate the highest common factor of 45 and c.
45
Let q(k) = 2*k - 17. Let r be q(10). Suppose -6 - 3 = -r*j. Let h(g) = -g + 6. Let o be h(j). Calculate the greatest common divisor of 24 and o.
3
Let n(s) = s + s - s + 0. Let p be n(1). Let r be 11 - (1 + -1 - 0). Calculate the highest common factor of p and r.
1
Suppose b - m - m = 30, 2*m = 2*b - 70. Suppose -6*c - 24 = -9*c. Calculate the highest common factor of b and c.
8
Suppose -12 = -0*c - 5*c - p, -2*p - 9 = -c. Let l be (c/(-6))/(5/20). Let z be l/(8/(-60)) + 3. What is the greatest common divisor of z and 18?
18
Suppose 0 = 5*q + p - 310, -2*p - 124 = -2*q - 7*p. Let d = q - 55. What is the highest common divisor of d and 63?
7
Let v(r) = r**3 + 15*r**2 + 38*r + 192. Let h be v(-9). What is the greatest common factor of h and 14?
14
Let j = 732 + -710. What is the highest common factor of 99 and j?
11
Let p be (-1)/3 + (-60)/(-18) + -1. Let d be (9/6 + 3)/(p/8). Calculate the greatest common factor of d and 6.
6
Let x = 2357 - 2367. Let y be 11 - (0 - (0 + 1)). Let l be 30/(-12)*y/x. What is the greatest common divisor of l and 6?
3
Suppose -2*a + 5*h = -0*h + 610, 16 = 4*h. Let t = -170 - a. Calculate the highest common divisor of 50 and t.
25
Let i = 14 - 12. Suppose -b + 37 = 3*d, d = i*d - 5*b + 9. Let a = d - 3. What is the greatest common divisor of a and 64?
8
Let a be 5/((-25)/3)*-10. Suppose 4*z - z - a = 0. Let s = 12 - z. Calculate the greatest common divisor of s and 110.
10
Suppose -2*a - 386 = -3*h, -5*h + 0*a + 2*a + 650 = 0. Calculate the highest common factor of 99 and h.
33
Let m(z) = 81*z - 687. Let j be m(15). Calculate the highest common divisor of j and 198.
66
Let f = 36 + -32. Suppose -58 = -3*s + 5*j, -2*s + f*s = j + 34. Calculate the highest common divisor of 112 and s.
16
Suppose -3*s - 17*w + 12 = -13*w, -w - 20 = -5*s. Calculate the greatest common divisor of s and 14.
2
Let w(h) = 3*h + 30. Let v be w(20). Let t(m) = 26*m - 18. Let y be t(3). Calculate the greatest common divisor of y and v.
30
Suppose 5*z = 3*c + 32, -11*c + 13*c + 33 = 5*z. Calculate the highest common divisor of z and 140.
7
Suppose y = 3*z + 25 + 161, -5*z - 25 = 0. Calculate the highest common divisor of y and 27.
9
Suppose -5*k + 0*k - 4*n = -10, 0 = -3*n. Suppose 0*z + 4*z = -2*y + 412, -4*z = -k*y + 452. What is the greatest common divisor of 24 and y?
24
Suppose 0 = 4*d - 0*d - 40. Suppose -2*r + r + m + d = 0, 4*m + 10 = 2*r. Calculate the greatest common factor of 15 and r.
15
Suppose 5*u - 60 = -5*a + 50, -u + 3*a + 38 = 0. What is the highest common factor of u and 273?
13
Let y = -38 - -25. Let b = 22 + y. Let u be (-166 + 172)*2/2. What is the highest common divisor of u and b?
3
Suppose 68 = x + c - 63, 3*c = 9. Calculate the greatest common divisor of 48 and x.
16
Let o be (16/36)/(6/135). Let m(p) = -p**3 - 2*p**2 + 4*p + 4. Let d be (1 - 2)*(1 + 3). Let y be m(d). What is the highest common factor of y and o?
10
Suppose -545 = -23*t + 1111. Calculate the greatest common factor of t and 984.
24
Let o = 8 - -30. What is the highest common divisor of 114 and o?
38
Let u(z) be the first derivative of 11*z**2/2 - 5. Let a be u(1). Let l be 64/3 + 4/6. What is the highest common divisor of a and l?
11
Let d(x) = -2*x**3 - x**2 + 486. Let a be d(0). Calculate the highest common divisor of 27 and a.
27
Let b be (7 + 31/(-5))/(6/1125). What is the greatest common divisor of 15 and b?
15
Let m(u) = 9*u - 18. Let k be m(14). Calculate the greatest common divisor of 648 and k.
108
Let t be (3/2)/((-36)/(-48)). Suppose t*z + 26 = 110. Let u = 62 - z. What is the greatest common factor of 40 and u?
20
Let w be (7/(-28))/((-2)/16). Calculate the highest common divisor of w a